{"id":429,"date":"2021-01-18T17:22:23","date_gmt":"2021-01-18T17:22:23","guid":{"rendered":"https:\/\/cristarq.com\/website\/?page_id=429"},"modified":"2021-01-18T17:28:19","modified_gmt":"2021-01-18T17:28:19","slug":"galeria-barandales-de-cristal-templado-page-2","status":"publish","type":"page","link":"https:\/\/cristarq.com\/site\/galeria-barandales-de-cristal-templado-page-2\/","title":{"rendered":"Galer\u00eda Barandales de Cristal Templado"},"content":{"rendered":"<p><div class=\"fusion-fullwidth fullwidth-box fusion-builder-row-1 fusion-flex-container nonhundred-percent-fullwidth non-hundred-percent-height-scrolling\" style=\"--awb-border-radius-top-left:0px;--awb-border-radius-top-right:0px;--awb-border-radius-bottom-right:0px;--awb-border-radius-bottom-left:0px;\" ><div class=\"fusion-builder-row fusion-row fusion-flex-align-items-flex-start\" style=\"max-width:1248px;margin-left: calc(-4% \/ 2 );margin-right: calc(-4% \/ 2 );\"><div class=\"fusion-layout-column fusion_builder_column fusion-builder-column-0 fusion_builder_column_1_1 1_1 fusion-flex-column\" style=\"--awb-bg-size:cover;--awb-width-large:100%;--awb-margin-top-large:0px;--awb-spacing-right-large:1.92%;--awb-margin-bottom-large:20px;--awb-spacing-left-large:1.92%;--awb-width-medium:100%;--awb-order-medium:0;--awb-spacing-right-medium:1.92%;--awb-spacing-left-medium:1.92%;--awb-width-small:100%;--awb-order-small:0;--awb-spacing-right-small:1.92%;--awb-spacing-left-small:1.92%;\"><div class=\"fusion-column-wrapper fusion-column-has-shadow fusion-flex-justify-content-flex-start fusion-content-layout-column\"><div class=\"awb-gallery-wrapper awb-gallery-wrapper-1 button-span-no\"><div style=\"margin:-5px;--awb-bordersize:3px;\" class=\"fusion-gallery fusion-gallery-container fusion-grid-6 fusion-columns-total-6 fusion-gallery-layout-grid fusion-gallery-1\"><div style=\"padding:5px;\" class=\"fusion-grid-column fusion-gallery-column fusion-gallery-column-6 hover-type-zoomin\"><div class=\"fusion-gallery-image\"><a href=\"https:\/\/cristarq.com\/site\/wp-content\/uploads\/2021\/01\/Galeria-Barandales-50.jpg\" rel=\"noreferrer\" data-rel=\"iLightbox[gallery_image_1]\" class=\"fusion-lightbox\" target=\"_self\"><img decoding=\"async\" src=\"https:\/\/cristarq.com\/site\/wp-content\/uploads\/2021\/01\/Galeria-Barandales-50-320x202.jpg\" width=\"320\" height=\"202\" alt=\"Galer\u00eda Barandales 50\" title=\"Galer\u00eda Barandales 50\" aria-label=\"Galer\u00eda Barandales 50\" class=\"img-responsive wp-image-401 fusion-gallery-image-size-fixed\" srcset=\"https:\/\/cristarq.com\/site\/wp-content\/uploads\/2021\/01\/Galeria-Barandales-50-320x202.jpg 320w, https:\/\/cristarq.com\/site\/wp-content\/uploads\/2021\/01\/Galeria-Barandales-50-700x441.jpg 700w\" sizes=\"(max-width: 320px) 100vw, 320px\" \/><\/a><\/div><\/div><div style=\"padding:5px;\" class=\"fusion-grid-column fusion-gallery-column fusion-gallery-column-6 hover-type-zoomin\"><div class=\"fusion-gallery-image\"><a href=\"https:\/\/cristarq.com\/site\/wp-content\/uploads\/2021\/01\/Galeria-Barandales-51.jpg\" rel=\"noreferrer\" data-rel=\"iLightbox[gallery_image_1]\" class=\"fusion-lightbox\" target=\"_self\"><img decoding=\"async\" src=\"https:\/\/cristarq.com\/site\/wp-content\/uploads\/2021\/01\/Galeria-Barandales-51-320x202.jpg\" width=\"320\" height=\"202\" alt=\"Galer\u00eda Barandales 51\" title=\"Galer\u00eda Barandales 51\" aria-label=\"Galer\u00eda Barandales 51\" class=\"img-responsive wp-image-402 fusion-gallery-image-size-fixed\" srcset=\"https:\/\/cristarq.com\/site\/wp-content\/uploads\/2021\/01\/Galeria-Barandales-51-320x202.jpg 320w, https:\/\/cristarq.com\/site\/wp-content\/uploads\/2021\/01\/Galeria-Barandales-51-700x441.jpg 700w\" sizes=\"(max-width: 320px) 100vw, 320px\" \/><\/a><\/div><\/div><div style=\"padding:5px;\" class=\"fusion-grid-column fusion-gallery-column fusion-gallery-column-6 hover-type-zoomin\"><div class=\"fusion-gallery-image\"><a href=\"https:\/\/cristarq.com\/site\/wp-content\/uploads\/2021\/01\/Galeria-Barandales-52.jpg\" rel=\"noreferrer\" data-rel=\"iLightbox[gallery_image_1]\" class=\"fusion-lightbox\" target=\"_self\"><img decoding=\"async\" src=\"https:\/\/cristarq.com\/site\/wp-content\/uploads\/2021\/01\/Galeria-Barandales-52-320x202.jpg\" width=\"320\" height=\"202\" alt=\"Galer\u00eda Barandales 52\" title=\"Galer\u00eda Barandales 52\" aria-label=\"Galer\u00eda Barandales 52\" class=\"img-responsive wp-image-403 fusion-gallery-image-size-fixed\" srcset=\"https:\/\/cristarq.com\/site\/wp-content\/uploads\/2021\/01\/Galeria-Barandales-52-320x202.jpg 320w, https:\/\/cristarq.com\/site\/wp-content\/uploads\/2021\/01\/Galeria-Barandales-52-700x441.jpg 700w\" sizes=\"(max-width: 320px) 100vw, 320px\" \/><\/a><\/div><\/div><div style=\"padding:5px;\" class=\"fusion-grid-column fusion-gallery-column fusion-gallery-column-6 hover-type-zoomin\"><div class=\"fusion-gallery-image\"><a href=\"https:\/\/cristarq.com\/site\/wp-content\/uploads\/2021\/01\/Galeria-Barandales-53.jpg\" rel=\"noreferrer\" data-rel=\"iLightbox[gallery_image_1]\" class=\"fusion-lightbox\" target=\"_self\"><img decoding=\"async\" src=\"https:\/\/cristarq.com\/site\/wp-content\/uploads\/2021\/01\/Galeria-Barandales-53-320x202.jpg\" width=\"320\" height=\"202\" alt=\"Galer\u00eda Barandales 53\" title=\"Galer\u00eda Barandales 53\" aria-label=\"Galer\u00eda Barandales 53\" class=\"img-responsive wp-image-404 fusion-gallery-image-size-fixed\" srcset=\"https:\/\/cristarq.com\/site\/wp-content\/uploads\/2021\/01\/Galeria-Barandales-53-320x202.jpg 320w, https:\/\/cristarq.com\/site\/wp-content\/uploads\/2021\/01\/Galeria-Barandales-53-700x441.jpg 700w\" sizes=\"(max-width: 320px) 100vw, 320px\" \/><\/a><\/div><\/div><div style=\"padding:5px;\" class=\"fusion-grid-column fusion-gallery-column fusion-gallery-column-6 hover-type-zoomin\"><div class=\"fusion-gallery-image\"><a href=\"https:\/\/cristarq.com\/site\/wp-content\/uploads\/2021\/01\/Galeria-Barandales-56.jpg\" rel=\"noreferrer\" data-rel=\"iLightbox[gallery_image_1]\" class=\"fusion-lightbox\" target=\"_self\"><img decoding=\"async\" src=\"https:\/\/cristarq.com\/site\/wp-content\/uploads\/2021\/01\/Galeria-Barandales-56-320x202.jpg\" width=\"320\" height=\"202\" alt=\"Galer\u00eda Barandales 56\" title=\"Galer\u00eda Barandales 56\" aria-label=\"Galer\u00eda Barandales 56\" class=\"img-responsive wp-image-407 fusion-gallery-image-size-fixed\" srcset=\"https:\/\/cristarq.com\/site\/wp-content\/uploads\/2021\/01\/Galeria-Barandales-56-320x202.jpg 320w, https:\/\/cristarq.com\/site\/wp-content\/uploads\/2021\/01\/Galeria-Barandales-56-700x441.jpg 700w\" sizes=\"(max-width: 320px) 100vw, 320px\" \/><\/a><\/div><\/div><div style=\"padding:5px;\" class=\"fusion-grid-column fusion-gallery-column fusion-gallery-column-6 hover-type-zoomin\"><div class=\"fusion-gallery-image\"><a href=\"https:\/\/cristarq.com\/site\/wp-content\/uploads\/2021\/01\/Galeria-Barandales-55.jpg\" rel=\"noreferrer\" data-rel=\"iLightbox[gallery_image_1]\" class=\"fusion-lightbox\" target=\"_self\"><img decoding=\"async\" src=\"https:\/\/cristarq.com\/site\/wp-content\/uploads\/2021\/01\/Galeria-Barandales-55-320x202.jpg\" width=\"320\" height=\"202\" alt=\"Galer\u00eda Barandales 55\" title=\"Galer\u00eda Barandales 55\" aria-label=\"Galer\u00eda Barandales 55\" class=\"img-responsive wp-image-406 fusion-gallery-image-size-fixed\" srcset=\"https:\/\/cristarq.com\/site\/wp-content\/uploads\/2021\/01\/Galeria-Barandales-55-320x202.jpg 320w, https:\/\/cristarq.com\/site\/wp-content\/uploads\/2021\/01\/Galeria-Barandales-55-700x441.jpg 700w\" sizes=\"(max-width: 320px) 100vw, 320px\" \/><\/a><\/div><\/div><div class=\"clearfix\"><\/div><\/div><\/div><\/div><\/div><div class=\"fusion-layout-column fusion_builder_column fusion-builder-column-1 fusion_builder_column_1_6 1_6 fusion-flex-column\" style=\"--awb-bg-size:cover;--awb-width-large:16.666666666667%;--awb-margin-top-large:0px;--awb-spacing-right-large:11.52%;--awb-margin-bottom-large:20px;--awb-spacing-left-large:11.52%;--awb-width-medium:16.666666666667%;--awb-order-medium:0;--awb-spacing-right-medium:11.52%;--awb-spacing-left-medium:11.52%;--awb-width-small:100%;--awb-order-small:0;--awb-spacing-right-small:1.92%;--awb-spacing-left-small:1.92%;\"><div class=\"fusion-column-wrapper fusion-column-has-shadow fusion-flex-justify-content-flex-start fusion-content-layout-column\"><\/div><\/div><div class=\"fusion-layout-column fusion_builder_column fusion-builder-column-2 fusion_builder_column_1_6 1_6 fusion-flex-column\" style=\"--awb-bg-size:cover;--awb-width-large:16.666666666667%;--awb-margin-top-large:0px;--awb-spacing-right-large:11.52%;--awb-margin-bottom-large:20px;--awb-spacing-left-large:11.52%;--awb-width-medium:16.666666666667%;--awb-order-medium:0;--awb-spacing-right-medium:11.52%;--awb-spacing-left-medium:11.52%;--awb-width-small:100%;--awb-order-small:0;--awb-spacing-right-small:1.92%;--awb-spacing-left-small:1.92%;\"><div class=\"fusion-column-wrapper fusion-column-has-shadow fusion-flex-justify-content-flex-start fusion-content-layout-column\"><\/div><\/div><div class=\"fusion-layout-column fusion_builder_column fusion-builder-column-3 fusion_builder_column_1_6 1_6 fusion-flex-column\" style=\"--awb-bg-size:cover;--awb-width-large:16.666666666667%;--awb-margin-top-large:0px;--awb-spacing-right-large:11.52%;--awb-margin-bottom-large:20px;--awb-spacing-left-large:11.52%;--awb-width-medium:16.666666666667%;--awb-order-medium:0;--awb-spacing-right-medium:11.52%;--awb-spacing-left-medium:11.52%;--awb-width-small:100%;--awb-order-small:0;--awb-spacing-right-small:1.92%;--awb-spacing-left-small:1.92%;\"><div class=\"fusion-column-wrapper fusion-column-has-shadow fusion-flex-justify-content-flex-start fusion-content-layout-column\"><div ><a class=\"fusion-button button-flat button-xlarge button-custom fusion-button-default button-1 fusion-button-default-span fusion-button-default-type fusion-has-button-gradient\" style=\"--button_accent_color:#f90707;--button_accent_hover_color:#e5e5e5;--button_border_hover_color:#780404;--button_gradient_top_color:rgba(232,7,7,0);--button_gradient_bottom_color:rgba(214,7,7,0);--button_gradient_top_color_hover:rgba(214,7,7,0);--button_gradient_bottom_color_hover:rgba(232,7,7,0);\" target=\"_self\" href=\"https:\/\/cristarq.com\/site\/galeria-barandales-de-cristal-templado\/\"><i class=\"fa-angle-double-left fas button-icon-left\" aria-hidden=\"true\"><\/i><span class=\"fusion-button-text\"><\/span><\/a><\/div><\/div><\/div><div class=\"fusion-layout-column fusion_builder_column fusion-builder-column-4 fusion_builder_column_1_6 1_6 fusion-flex-column\" style=\"--awb-bg-size:cover;--awb-width-large:16.666666666667%;--awb-margin-top-large:0px;--awb-spacing-right-large:11.52%;--awb-margin-bottom-large:20px;--awb-spacing-left-large:11.52%;--awb-width-medium:16.666666666667%;--awb-order-medium:0;--awb-spacing-right-medium:11.52%;--awb-spacing-left-medium:11.52%;--awb-width-small:100%;--awb-order-small:0;--awb-spacing-right-small:1.92%;--awb-spacing-left-small:1.92%;\"><div class=\"fusion-column-wrapper fusion-column-has-shadow fusion-flex-justify-content-flex-start fusion-content-layout-column\"><div ><a class=\"fusion-button button-flat button-xlarge button-custom fusion-button-default button-2 fusion-button-default-span fusion-button-default-type fusion-has-button-gradient\" style=\"--button_accent_color:#e5e5e5;--button_accent_hover_color:#e5e5e5;--button_border_hover_color:#780404;--button_gradient_top_color:rgba(232,7,7,0);--button_gradient_bottom_color:rgba(214,7,7,0);--button_gradient_top_color_hover:rgba(214,7,7,0);--button_gradient_bottom_color_hover:rgba(232,7,7,0);\" target=\"_self\"><i class=\"fa-angle-double-right fas button-icon-left\" aria-hidden=\"true\"><\/i><span class=\"fusion-button-text\"><\/span><\/a><\/div><\/div><\/div><div class=\"fusion-layout-column fusion_builder_column fusion-builder-column-5 fusion_builder_column_1_6 1_6 fusion-flex-column\" style=\"--awb-bg-size:cover;--awb-width-large:16.666666666667%;--awb-margin-top-large:0px;--awb-spacing-right-large:11.52%;--awb-margin-bottom-large:20px;--awb-spacing-left-large:11.52%;--awb-width-medium:16.666666666667%;--awb-order-medium:0;--awb-spacing-right-medium:11.52%;--awb-spacing-left-medium:11.52%;--awb-width-small:100%;--awb-order-small:0;--awb-spacing-right-small:1.92%;--awb-spacing-left-small:1.92%;\"><div class=\"fusion-column-wrapper fusion-column-has-shadow fusion-flex-justify-content-flex-start fusion-content-layout-column\"><\/div><\/div><div class=\"fusion-layout-column fusion_builder_column fusion-builder-column-6 fusion_builder_column_1_6 1_6 fusion-flex-column\" style=\"--awb-bg-size:cover;--awb-width-large:16.666666666667%;--awb-margin-top-large:0px;--awb-spacing-right-large:11.52%;--awb-margin-bottom-large:20px;--awb-spacing-left-large:11.52%;--awb-width-medium:16.666666666667%;--awb-order-medium:0;--awb-spacing-right-medium:11.52%;--awb-spacing-left-medium:11.52%;--awb-width-small:100%;--awb-order-small:0;--awb-spacing-right-small:1.92%;--awb-spacing-left-small:1.92%;\"><div class=\"fusion-column-wrapper fusion-column-has-shadow fusion-flex-justify-content-flex-start fusion-content-layout-column\"><\/div><\/div><\/div><\/div><div class=\"fusion-fullwidth fullwidth-box fusion-builder-row-2 fusion-flex-container nonhundred-percent-fullwidth non-hundred-percent-height-scrolling\" style=\"--awb-border-radius-top-left:0px;--awb-border-radius-top-right:0px;--awb-border-radius-bottom-right:0px;--awb-border-radius-bottom-left:0px;\" ><div class=\"fusion-builder-row fusion-row fusion-flex-align-items-flex-start\" style=\"max-width:1248px;margin-left: calc(-4% \/ 2 );margin-right: calc(-4% \/ 2 );\"><div class=\"fusion-layout-column fusion_builder_column fusion-builder-column-7 fusion_builder_column_1_1 1_1 fusion-flex-column\" style=\"--awb-bg-size:cover;--awb-width-large:100%;--awb-margin-top-large:0px;--awb-spacing-right-large:1.92%;--awb-margin-bottom-large:20px;--awb-spacing-left-large:1.92%;--awb-width-medium:100%;--awb-order-medium:0;--awb-spacing-right-medium:1.92%;--awb-spacing-left-medium:1.92%;--awb-width-small:100%;--awb-order-small:0;--awb-spacing-right-small:1.92%;--awb-spacing-left-small:1.92%;\"><div class=\"fusion-column-wrapper fusion-column-has-shadow fusion-flex-justify-content-flex-start fusion-content-layout-column\"><div class=\"fusion-text fusion-text-1\"><div class=\"fb-like\" data-href=\"https:\/\/www.facebook.com\/cristarqmty\" data-layout=\"button_count\" data-action=\"like\" data-size=\"small\" data-show-faces=\"true\" data-share=\"true\"><\/div>\n<\/div><div style=\"text-align:center;\"><a class=\"fusion-button button-flat fusion-button-default-size button-custom fusion-button-default button-3 fusion-button-default-span fusion-button-default-type fusion-has-button-gradient\" style=\"--button_accent_color:#ffffff;--button_accent_hover_color:#b7b7b7;--button_border_hover_color:#780404;--button_gradient_top_color:#e80707;--button_gradient_bottom_color:#d60707;--button_gradient_top_color_hover:#d60707;--button_gradient_bottom_color_hover:#e80707;--button_text_transform:uppercase;\" target=\"_self\" href=\"https:\/\/cristarq.com\/site\/contacto\/\"><span class=\"fusion-button-text\">\u00bfRequiere informaci\u00f3n o una cotizaci\u00f3n? Cont\u00e1ctenos dando clic aqu\u00ed<\/span><\/a><\/div><div class=\"fusion-sharing-box fusion-sharing-box-1 has-taglines layout-floated layout-medium-floated layout-small-stacked\" style=\"background-color:rgba(249,249,251,0.63);border-color:#cccccc;--awb-icon-size:30px;--awb-separator-border-color:#cccccc;--awb-separator-border-sizes:0px;--awb-layout:row;--awb-alignment-small:space-between;--awb-stacked-align-small:center;\" data-title=\"\u00a1COMPARTE ESTA P\u00c1GINA A TUS AMIGOS!\" data-description=\"\u00bfRequiere informaci\u00f3n o una cotizaci\u00f3n? Cont\u00e1ctenos dando clic aqu\u00ed\" data-link=\"#\"><h4 class=\"tagline\" style=\"color:#212934;\">\u00a1COMPARTE ESTA P\u00c1GINA A TUS AMIGOS!<\/h4><div class=\"fusion-social-networks sharingbox-shortcode-icon-wrapper sharingbox-shortcode-icon-wrapper-1\"><span><a href=\"https:\/\/www.facebook.com\/sharer.php?u=%23&amp;t=%C2%A1COMPARTE%20ESTA%20P%C3%81GINA%20A%20TUS%20AMIGOS%21\" target=\"_blank\" rel=\"noreferrer\" title=\"Facebook\" aria-label=\"Facebook\" data-placement=\"top\" data-toggle=\"tooltip\" data-title=\"Facebook\"><i class=\"fusion-social-network-icon fusion-tooltip fusion-facebook awb-icon-facebook\" style=\"color:#757575;\" aria-hidden=\"true\"><\/i><\/a><\/span><span><a href=\"https:\/\/api.whatsapp.com\/send?text=%23\" target=\"_blank\" rel=\"noopener noreferrer\" title=\"WhatsApp\" aria-label=\"WhatsApp\" data-placement=\"top\" data-toggle=\"tooltip\" data-title=\"WhatsApp\"><i class=\"fusion-social-network-icon fusion-tooltip fusion-whatsapp awb-icon-whatsapp\" style=\"color:#757575;\" aria-hidden=\"true\"><\/i><\/a><\/span><span><a href=\"mailto:?subject=%C2%A1COMPARTE%20ESTA%20P%C3%81GINA%20A%20TUS%20AMIGOS%21&amp;body=%23\" target=\"_self\" title=\"Email\" aria-label=\"Email\" data-placement=\"top\" data-toggle=\"tooltip\" data-title=\"Email\"><i class=\"fusion-social-network-icon fusion-tooltip fusion-mail awb-icon-mail\" style=\"color:#757575;\" aria-hidden=\"true\"><\/i><\/a><\/span><\/div><\/div><\/div><\/div><\/div><\/div><\/p>\n","protected":false},"excerpt":{"rendered":"","protected":false},"author":2,"featured_media":0,"parent":0,"menu_order":0,"comment_status":"closed","ping_status":"closed","template":"","meta":{"_joinchat":[],"footnotes":""},"class_list":["post-429","page","type-page","status-publish","hentry"],"aioseo_notices":[],"_links":{"self":[{"href":"https:\/\/cristarq.com\/site\/wp-json\/wp\/v2\/pages\/429","targetHints":{"allow":["GET"]}}],"collection":[{"href":"https:\/\/cristarq.com\/site\/wp-json\/wp\/v2\/pages"}],"about":[{"href":"https:\/\/cristarq.com\/site\/wp-json\/wp\/v2\/types\/page"}],"author":[{"embeddable":true,"href":"https:\/\/cristarq.com\/site\/wp-json\/wp\/v2\/users\/2"}],"replies":[{"embeddable":true,"href":"https:\/\/cristarq.com\/site\/wp-json\/wp\/v2\/comments?post=429"}],"version-history":[{"count":3,"href":"https:\/\/cristarq.com\/site\/wp-json\/wp\/v2\/pages\/429\/revisions"}],"predecessor-version":[{"id":434,"href":"https:\/\/cristarq.com\/site\/wp-json\/wp\/v2\/pages\/429\/revisions\/434"}],"wp:attachment":[{"href":"https:\/\/cristarq.com\/site\/wp-json\/wp\/v2\/media?parent=429"}],"curies":[{"name":"wp","href":"https:\/\/api.w.org\/{rel}","templated":true}]}}